0110001100010 - -11?
-100110001011111
In base 8, what is 74032 + 1?
74033
In base 4, what is -1211321 - 11100?
-1223021
In base 14, what is -76 - -51?
-25
In base 14, what is -2 - 1b1?
-1b3
In base 10, what is 51 - 106574?
-106523
In base 16, what is -41 - -a5c?
a1b
In base 6, what is -233 + -443155?
-443432
In base 16, what is f847d - 2?
f847b
In base 6, what is -4 + -1200415?
-1200423
In base 13, what is -1aca4 - 2?
-1aca6
In base 2, what is 100011100010101 + 11?
100011100011000
In base 9, what is 1175736 + -4?
1175732
In base 9, what is 24 + 284?
318
In base 16, what is -6e85e - -6?
-6e858
In base 5, what is 2411043113 + 1?
2411043114
In base 5, what is -110 + 123?
13
In base 11, what is -2 + 32a39?
32a37
In base 14, what is 2660 + 3?
2663
In base 15, what is 19e5 - -67?
1a5c
In base 4, what is -31033231113 + 0?
-31033231113
In base 10, what is -70 + -2264?
-2334
In base 4, what is -3303313 + -1?
-3303320
In base 8, what is -17202 - -2?
-17200
In base 14, what is -87bb4 + -1?
-87bb5
In base 2, what is -1111 - 101001011100110?
-101001011110101
In base 11, what is -115a8 + -5?
-11602
In base 2, what is -101010000100 + -10101?
-101010011001
In base 15, what is 648 - -13a4?
19ec
In base 9, what is -212 + -35?
-247
In base 12, what is 105aa7 + -5?
105aa2
In base 6, what is -3132412 - 3?
-3132415
In base 12, what is -b25 + -10?
-b35
In base 5, what is -2 + 20331?
20324
In base 6, what is -343 + 25353?
25010
In base 6, what is -3 + 22224445?
22224442
In base 10, what is -567 - 20?
-587
In base 10, what is 11293 - -1?
11294
In base 5, what is -21 - 232310?
-232331
In base 13, what is -190 + 523?
363
In base 9, what is 1168 + 11?
1180
In base 10, what is 166396 - -2?
166398
In base 9, what is -134028 - -3?
-134025
In base 12, what is -139 - -95?
-64
In base 6, what is 3421 - 2321?
1100
In base 16, what is 2 + 2a54?
2a56
In base 13, what is -28239 - -4?
-28235
In base 6, what is -3053414 + 4?
-3053410
In base 3, what is -11221221 + 212011?
-11002210
In base 12, what is -3255 - 17?
-3270
In base 8, what is -17 - 70551?
-70570
In base 10, what is 3 + -275?
-272
In base 7, what is -3264465 - -3?
-3264462
In base 16, what is -52a - -b90?
666
In base 12, what is -17 + 104?
a9
In base 15, what is -22663 + 0?
-22663
In base 2, what is 10010011 + -11011111?
-1001100
In base 7, what is 2 - 13202164?
-13202162
In base 14, what is -81a8 + -19?
-81c3
In base 2, what is -100011110 - 1011?
-100101001
In base 12, what is 1b80 + -85?
1ab7
In base 8, what is -3 - -3102?
3077
In base 4, what is -10 + 2101231133?
2101231123
In base 10, what is 2892 + 122?
3014
In base 15, what is -25ce1 - -7?
-25cd9
In base 2, what is -101 - 101100010000111?
-101100010001100
In base 15, what is -2e40ec - 1?
-2e40ed
In base 12, what is 10402 + -9a?
10324
In base 8, what is -4 - 634015?
-634021
In base 13, what is -187a - 1?
-187b
In base 4, what is -102 - 3221121?
-3221223
In base 12, what is 3 + 1328?
132b
In base 2, what is -11110 - 100101101?
-101001011
In base 14, what is 20bc + 2?
20c0
In base 14, what is 4a - 2d73?
-2d27
In base 9, what is -82 - -5527?
5435
In base 4, what is -22300 + -1202?
-30102
In base 6, what is 15 + 321453?
321512
In base 16, what is -4 + -974?
-978
In base 5, what is -14043 + -13?
-14111
In base 8, what is -134326 + 34?
-134272
In base 14, what is 12 - 10d2?
-10c0
In base 14, what is -12bb7 + -4?
-12bbb
In base 15, what is 96cbd + -2?
96cbb
In base 10, what is 17 + 75690?
75707
In base 16, what is bfb2 - -d?
bfbf
In base 6, what is 3 + -354002?
-353555
In base 12, what is -1b2696 - 5?
-1b269b
In base 12, what is 5 - b475?
-b470
In base 2, what is 10 - 100101011110010?
-100101011110000
In base 2, what is -11000 - -100100111011?
100100100011
In base 9, what is -4 + -2122610?
-2122614
In base 4, what is -11313010 + 20?
-11312330
In base 9, what is 1374 - 13?
1361
In base 3, what is -1001212012 + -12?
-1001212101
In base 8, what is 3 - -312754?
312757
In base 9, what is -74700 + 4?
-74685
In base 13, what is -6629 + -47?
-6673
In base 7, what is 14 + -12306?
-12262
In base 5, what is 23334 - 20?
23314
In base 11, what is 4465 + 157?
4611
In base 7, what is 104040 - 0?
104040
In base 10, what is -1573 + -945?
-2518
In base 14, what is 0 - -16b1?
16b1
In base 7, what is 0 - -2444525?
2444525
In base 16, what is 2134 + 15?
2149
In base 11, what is 4 + a34?
a38
In base 15, what is e + -1dbe?
-1db0
In base 4, what is -12221 - -2300120?
2221233
In base 6, what is -4 + 343001?
342553
In base 14, what is 144 - -1b0c?
1c52
In base 9, what is 327 + -264?
53
In base 5, what is 21 + 1110212?
1110233
In base 16, what is -78 + 4fb?
483
In base 7, what is 321352 + -23?
321326
In base 8, what is 2 - 47603?
-47601
In base 11, what is 9 + -12188?
-1217a
In base 14, what is -303 - -652?
34d
In base 11, what is 2a + -1290?
-1261
In base 6, what is -15 - 210135?
-210154
In base 3, what is 10 + 11012110112?
11012110122
In base 11, what is -8 + -295355?
-295362
In base 5, what is -2122143 + 241?
-2121402
In base 9, what is -5 - -10813?
10807
In base 12, what is -aaa6 - -2a?
-aa78
In base 15, what is -402 + -1?
-403
In base 14, what is -20d - 30a?
-519
In base 15, what is 5 - -292b2?
292b7
In base 14, what is -94a3 - -23?
-9480
In base 8, what is -517310 + 3?
-517305
In base 12, what is -b7b8b + 0?
-b7b8b
In base 11, what is 7 + 2612a?
26136
In base 14, what is -c382 - -a?
-c376
In base 4, what is -2 + -122300?
-122302
In base 6, what is -3 - -33325455?
33325452
In base 14, what is 1ab0 + 2?
1ab2
In base 13, what is 1738 - 5?
1733
In base 4, what is -32211020130 + -1?
-32211020131
In base 12, what is 1261368 + -5?
1261363
In base 10, what is 0 + -3535?
-3535
In base 2, what is -100010011 + 1001110010011?
1001010000000
In base 16, what is -10246 - 5?
-1024b
In base 9, what is 1281 - -1847?
3238
In base 2, what is 10 - -100001000101000?
100001000101010
In base 3, what is -1210121 - -10002112?
1021221
In base 3, what is 2211 + -2002111?
-1222200
In base 9, what is -1 - -10250?
10248
In base 7, what is -3054 + -3015?
-6102
In base 8, what is -53713 + 2?
-53711
In base 15, what is -4 + -c8043?
-c8047
In base 4, what is -13 + 1032031?
1032012
In base 6, what is 33104 + -101?
33003
In base 16, what is 852 - 10?
842
In base 15, what is 9d - 7d?
20
In base 15, what is a3a7e + 2?
a3a81
In base 5, what is 420 - -244344?
300314
In base 10, what is -2 - 19535?
-19537
In base 6, what is 32242 - -333?
33015
In base 11, what is 1963 - -18?
1980
In base 8, what is -2 - 444767?
-444771
In base 6, what is -2100 - -424?
-1232
In base 9, what is -11037 + 3?
-11034
In base 12, what is -151a + -292?
-17b0
In base 14, what is -d5b7 + -42?
-d619
In base 10, what is -803 + -3?
-806
In base 13, what is 1193 - 3?
1190
In base 15, what is 26 + 228?
24e
In base 8, what is 452 - 462?
-10
In base 6, what is -32 + -4310?
-4342
In base 12, what is -a0882 + -5?
-a0887
In base 12, what is -18b + -133?
-302
In base 15, what is -36d9 - 7?
-36e1
In base 11, what is 51a6 + -2?
51a4
In base 4, what is -102 + -30103?
-30211
In base 13, what is 43 + -9b1?
-96b
In base 5, what is -124 + -134?
-313
In base 9, what is -28 - -2674?
2645
In base 13, what is 17b92 + -4?
17b8b
In base 9, what is 223 - 2136?
-1813
In base 10, what is 97 - 323?
-226
In base 10, what is 11 + -92?
-81
In base 9, what is -4 + -802663?
-802667
In base 16, what is 7091 + -2?
708f
In base 10, what is 24473 + -54?
24419
In base 15, what is -3d + 89e?
861
In base 12, what is 24b3 - 2?
24b1
In base 14, what is -14b + -1a5?
-312
In base 7, what is 5426 - -35?
5464
In base 16, what is -26a + 44?
-226
In base 3, what is 0 - -200100210?
200100210
In base 6, what is -24 + -5244333?
-5244401
In base 14, what is d16 - -18?
d30
In base 11, what is -576538 - 0?
-576538
In base 4, what is 121000 - -120?
121120
In base 12, what is -675 - 42?
-6b7
In base 11, what is -186720 - -1?
-18671a
In base 8, what is 41 - -143?
204
In base 15, what is -20 - -2340?
2320
In base 5, what is 104432 - -2322?
112304
In base 9, what is -2 + 12803?
12801
In base 3, what is -101202 + 2022201?
1220222
In base 12, what is -5b1 + 101?
-4b0
In base 2, what is 11100001100011 - 1001?
11100001011010
In base 13, what is 3 + 52b4?
52b7
In base 15, what is c7 - -239e?
2476
In base 13, what is -93